35330
In base 8, what is 25 + -4?
21
In base 14, what is -51 + -17?
-68
In base 8, what is -22 - 410?
-432
In base 6, what is -10 + -1?
-11
In base 11, what is 7 + -1666?
-165a
In base 9, what is 2 + 6?
8
In base 8, what is -11 - 70?
-101
In base 3, what is -1 + -11101?
-11102
In base 11, what is 180 - -5?
185
In base 6, what is 22021 + 1?
22022
In base 14, what is 78 + -10?
68
In base 3, what is 0 + -1210?
-1210
In base 13, what is -9a - -18?
-82
In base 6, what is 41 - 105?
-24
In base 12, what is 1 - 21b2?
-21b1
In base 9, what is 2 - -28?
31
In base 2, what is -1 - 1100001?
-1100010
In base 13, what is -1 + 32?
31
In base 10, what is 3 + 88?
91
In base 14, what is 571 + c?
57d
In base 14, what is -36 - -43?
b
In base 13, what is 7 + 2b?
35
In base 15, what is -5 - 1e9?
-1ee
In base 9, what is 8 + -17?
-8
In base 13, what is -1 + -43?
-44
In base 12, what is 159 + 1?
15a
In base 13, what is 1 + 1422?
1423
In base 11, what is -40 + -12?
-52
In base 14, what is -5 + 4b?
46
In base 16, what is -2 - 33a?
-33c
In base 5, what is -11 + -120?
-131
In base 13, what is 1997 + 5?
199c
In base 13, what is -5 + 239?
234
In base 12, what is -b - 26a?
-279
In base 7, what is -10412 + 4?
-10405
In base 16, what is 10 + -173?
-163
In base 4, what is -2 - -301?
233
In base 3, what is 111 - 2?
102
In base 13, what is 1 + -335?
-334
In base 16, what is -c - -574?
568
In base 13, what is 4 + 865?
869
In base 16, what is -2 + 44c?
44a
In base 9, what is 18 + -400?
-371
In base 13, what is -5 - -22?
1a
In base 9, what is -26 + -1?
-27
In base 8, what is 3 + 11046?
11051
In base 3, what is -11 + 0?
-11
In base 11, what is 0 - -3142?
3142
In base 13, what is -2 + 1c?
1a
In base 5, what is -10 + 4421?
4411
In base 11, what is 81 + -2?
7a
In base 6, what is -4110 - -5?
-4101
In base 9, what is 721 - -7?
728
In base 13, what is 13 - -c?
22
In base 2, what is 1 - -111000011?
111000100
In base 12, what is -5 + -809?
-812
In base 4, what is -233 - -12?
-221
In base 6, what is -10424 + -11?
-10435
In base 13, what is 4 - 2b2a?
-2b26
In base 4, what is 10 - -1112221?
1112231
In base 3, what is -1010000 - -2?
-1002221
In base 6, what is -3041 + 4?
-3033
In base 16, what is 3 + -82?
-7f
In base 9, what is -4 - -182?
177
In base 15, what is 2 - -18?
1a
In base 3, what is 11 + 2020?
2101
In base 3, what is 1 + -211001?
-211000
In base 6, what is -3 + -3131?
-3134
In base 3, what is 1210 - -11?
1221
In base 5, what is -113 + 4?
-104
In base 10, what is -105 + -15?
-120
In base 8, what is 45 - -1?
46
In base 15, what is 1 + -43?
-42
In base 4, what is 3 + 333?
1002
In base 5, what is -33 + 120?
32
In base 15, what is -5 - 26?
-2b
In base 8, what is -5 + 6562?
6555
In base 3, what is 0 + 1211011?
1211011
In base 12, what is -4bb2 - -1?
-4bb1
In base 2, what is 11 - 11011101001?
-11011100110
In base 14, what is 9 + 23?
2c
In base 2, what is -10000100 - -10?
-10000010
In base 5, what is -122 - -10?
-112
In base 16, what is 4 - -1e?
22
In base 7, what is 12 - 44?
-32
In base 13, what is 19 + 601?
61a
In base 11, what is -80a + -20?
-82a
In base 12, what is -998 + 3?
-995
In base 4, what is 23202 - -11?
23213
In base 6, what is -12 - 104?
-120
In base 11, what is -70 + -55?
-115
In base 16, what is 23b + -4?
237
In base 11, what is -2 - 18?
-1a
In base 9, what is -2443 - 5?
-2448
In base 6, what is -243 - -531?
244
In base 15, what is c1e - 2?
c1c
In base 16, what is -1 + 809?
808
In base 3, what is -222 - 2100022?
-2101021
In base 7, what is -6124 + -1?
-6125
In base 16, what is -4 - -13d?
139
In base 6, what is -2 - 40402?
-40404
In base 5, what is 4 - -3314?
3323
In base 7, what is 2120 - -5?
2125
In base 13, what is -56 + -10?
-66
In base 8, what is -102 + -327?
-431
In base 8, what is 0 + 41?
41
In base 8, what is -206 - -67?
-117
In base 13, what is -4 + 27?
23
In base 7, what is 2033 - -4?
2040
In base 11, what is 9a + 3a?
129
In base 8, what is 17 - 1054?
-1035
In base 11, what is -1491 - -1?
-1490
In base 10, what is 164 + 1?
165
In base 13, what is -6 - 55?
-5b
In base 9, what is 57 - 226?
-158
In base 3, what is -10 + -2012?
-2022
In base 13, what is -4 + 1acb?
1ac7
In base 6, what is 1224 - 5?
1215
In base 7, what is 5 - -145?
153
In base 9, what is 5 - 20?
-14
In base 4, what is 22021 - -3?
22030
In base 7, what is 125 - -14?
142
In base 4, what is 11213131 - 1?
11213130
In base 12, what is 469 + 3?
470
In base 16, what is -5d - 0?
-5d
In base 4, what is 21302111 - 1?
21302110
In base 10, what is -840 - 4?
-844
In base 8, what is -57 + -4?
-63
In base 4, what is -23 - -1112?
1023
In base 10, what is 16 - -15?
31
In base 8, what is 24 + 2?
26
In base 7, what is -2 + -305?
-310
In base 14, what is 1 - -195?
196
In base 3, what is 1200100 + 10?
1200110
In base 6, what is -24 + 5?
-15
In base 15, what is d - 37?
-29
In base 3, what is 1221210 - 1?
1221202
In base 11, what is -7 - 663?
-66a
In base 8, what is 4 - -261?
265
In base 16, what is 56e - 2?
56c
In base 8, what is 2 - -7?
11
In base 8, what is -165 + -4?
-171
In base 7, what is -2 - 433?
-435
In base 6, what is 2 + -414?
-412
In base 7, what is 16 - 14?
2
In base 5, what is 1001 + 323?
1324
In base 6, what is -3 - -453?
450
In base 13, what is 2c4 + -21?
2a3
In base 9, what is -5 + 141?
135
In base 16, what is 9a - 4?
96
In base 12, what is -b + -748?
-757
In base 8, what is -654 + -2?
-656
In base 15, what is 206 - -2?
208
In base 16, what is 44 + -c?
38
In base 10, what is -204 - 26?
-230
In base 10, what is 9 - -1?
10
In base 5, what is 113212 + 0?
113212
In base 14, what is 41 - 0?
41
In base 12, what is 3 - 1bb4?
-1bb1
In base 10, what is 195 + 4?
199
In base 13, what is 3 - 17?
-14
In base 6, what is -11 - -13?
2
In base 4, what is 3130312 + -10?
3130302
In base 16, what is 0 + -c9?
-c9
In base 16, what is -3 - -741?
73e
In base 13, what is -4 - 1b3?
-1b7
In base 7, what is 122 - 5?
114
In base 12, what is 12 + -23?
-11
In base 5, what is -110 - 22?
-132
In base 5, what is -133330 + -3?
-133333
In base 7, what is 4 + -2?
2
In base 5, what is 3 - -3304?
3312
In base 7, what is -5 + 1100?
1062
In base 9, what is -746 - 2?
-748
In base 16, what is 1 - 5d?
-5c
In base 7, what is 23 - 3?
20
In base 12, what is -1bb - 5?
-204
In base 12, what is -5 - -225?
220
In base 2, what is 111000 + 1000?
1000000
In base 5, what is 210 - -14?
224
In base 12, what is -8 - -79?
71
In base 6, what is -1 + 142?
141
In base 6, what is -532 - -14?
-514
In base 7, what is 226 - -264?
523
In base 2, what is -100 - 11000000?
-11000100
In base 13, what is -101 - -7?
-c7
In base 15, what is -1 + -1a7?
-1a8
In base 14, what is a + -84?
-78
In base 12, what is -16 - -295?
27b
In base 15, what is -7 + c?
5
In base 11, what is -2a + 0?
-2a
In base 8, what is 4 - -65?
71
In base 16, what is 1d + -3?
1a
In base 14, what is -3 + 13b?
138
In base 16, what is -f - 5?
-14
In base 2, what is -111110 + 101?
-111001
In base 11, what is -12 - 1475?
-1487
In base 11, what is 285 + -7?
279
In base 7, what is 141 - -6?
150
In base 15, what is -41 - d?
-4e
In base 5, what is -120 - -1?
-114
In base 4, what is -11 + -111?
-122
In base 10, what is 249 + -25?
224
In base 15, what is 95d - -2?
960
In base 10, what is 223 - -5?
228
In base 11, what is 2 + -101?
-aa
In base 5, what is 3 - 140021?
-140013
In base 9, what is -58 + -1?
-60
In base 13, what is -a7c - -4?
-a78
In base 4, what is 1232 - 113?
1113
In base 4, what is 111 + -3?
102
In base 7, what is 123 + 3?
126
In base 4, what is -11 - -21010?
20333
In base 9, what is 0 + 1406?
1406
In base 13, what is 63 - 3?
60
In base 15, what is -18 + 14?
-4
In base 6, what is -120 + 5?
-111
In base 9, what is 17 + -14?
3
In base 8, what is 452 + -16?
434
In base 2, what is 0 + -10111000?
-10111000
In base 7, what is 21 + 5?
26
In base 16, what is 8 + ec?
f4
In base 11, what is 128 - 26?
102
In base 3, what is 10011 - 10?
10001
In base 8, what is -1 + -634?
-635
In base 13, what is 30 - 4?
29
In base 6, what is 20 - 0?
20
In base 9, what is 127 - 4?
123
In base 2, what is -11 - 111001000?
-111001011
In base 4, what is 330 - -2?
332
In base 14, what is 0 + 6?
6
In base 3, what is -201001 + 11?
-200220
In base 7, what is -23 + -4066?
-4122
In base 11, what is 4 + -69?
-65
In base 13, what is b6 + -3?
b3
In base